 x(l) = -6*l**3 - l**2 - 2*l - 1. Let v be x(-1). Suppose -2*t = t - v. Suppose -5*k = -t*k - 18. Calculate the greatest common divisor of k and 48.
6
Let h = 33 + -20. Suppose -3*y + 636 = -3*q, 0*q + y + 1078 = -5*q. Let d = q + 306. What is the greatest common divisor of d and h?
13
Let w(n) = -7*n + 6. Let c(p) = -13*p + 12. Let o(q) = 6*c(q) - 11*w(q). Let t be o(-4). Calculate the highest common factor of 20 and t.
10
Let n(g) = 4*g**3 - 2*g**2 + 1. Let s(u) = -u + 1. Let j be s(0). Let w be n(j). Suppose -w*y + 5*y = 36. Calculate the highest common divisor of y and 12.
6
Let f(q) = 6*q - 81. Let h be f(24). Calculate the highest common factor of h and 9.
9
Suppose -2*k - k = -87. Calculate the highest common factor of k and 87.
29
Let s = -26 + 82. Let r = 16 + -8. What is the highest common factor of r and s?
8
Let j = 11 - -106. Calculate the greatest common divisor of j and 9.
9
Suppose f = -9 + 1. Let l = f - -12. Suppose -l*p + 32 = -2*x + 6*x, 13 = 5*p - 4*x. What is the greatest common factor of p and 25?
5
Suppose -785 = -5*y + 35. Suppose -y - 160 = -3*r. Let q = -11 - -23. What is the greatest common divisor of q and r?
12
Suppose 4*k - 3*u + 10 - 53 = 0, 0 = 3*k - 5*u - 46. Let a be (-700)/(-10)*(-3)/(-6). Calculate the greatest common factor of a and k.
7
Let n = 29 + -3. Calculate the greatest common factor of n and 39.
13
Let g be 3*(3 + 14/6). Calculate the greatest common factor of g and 16.
16
Let c = 26 - 16. Let f = c - -20. What is the highest common divisor of f and 12?
6
Let b = 14 + -9. Suppose 3*q = 2*q + b. Suppose -q + 2 = -v. Calculate the greatest common factor of 12 and v.
3
Suppose 2*o - 7 = 9. Let b(a) = a**3 + 7*a**2 - a - 4. Let x be b(-7). Suppose -4 = -4*s + x*s. What is the highest common divisor of o and s?
4
Suppose -l - 3*j - 10 = 0, -4*l = j + 3*j. Let a(g) = 16*g - 11. Let k be a(1). Calculate the greatest common factor of k and l.
5
Let k = -69 + 147. What is the highest common factor of 52 and k?
26
Suppose -5*u + 30 = 5*y, 2*y + 4*u - 6 = y. Suppose -y*a + 2*a + 512 = 0. Let l = 64 - 48. Calculate the greatest common factor of l and a.
16
Suppose 0 = -2*x + 3 + 17. Suppose 0*v = -6*v + 180. What is the greatest common divisor of x and v?
10
Let v = 6 - 2. What is the highest common factor of 20 and v?
4
Suppose 4*i = -6 + 18. Calculate the greatest common factor of i and 9.
3
Let h = -6 - -1. Let y = -11 - -21. Let q be h/y*-12*18. Calculate the greatest common divisor of q and 12.
12
Let u(b) = b**2 + 26. Let s be u(0). What is the highest common divisor of s and 260?
26
Suppose p - 3*p + 44 = 0. Let h = -5 + p. Calculate the greatest common divisor of h and 17.
17
Suppose 4*i + 7 = 31. What is the greatest common factor of i and 48?
6
Let p be (-5)/(-15) - (-22)/6. Suppose 9*v = p*v + 270. What is the greatest common factor of v and 36?
18
Let m = 18 + 9. What is the highest common divisor of 9 and m?
9
Suppose 3*w = -2*f - 3, 2*w - 18 - 2 = -5*f. Let s be 1/f + (-1375)/(-66). What is the highest common divisor of s and 189?
21
Let k(j) = j**3 - j + 70. Let z be k(0). Suppose r = -r - 5*o + 76, 2*o = r - 20. Calculate the highest common divisor of r and z.
14
Suppose 135 = 3*n - 3*o, 3*o = 6*o + 15. Suppose j = 3*j - 8. Suppose 5*g - 2*g - 10 = -5*t, -j*g - 5 = 3*t. What is the greatest common factor of n and t?
5
Suppose 3*b - 2*b - 10 = 0. What is the highest common divisor of 110 and b?
10
Let s(a) = a**2 - 24*a - 34. Let h be s(28). What is the greatest common factor of h and 26?
26
Let k be 184/18 + 12/(-54). Let v be 30/k + (-4)/2. What is the greatest common factor of v and 4?
1
Suppose 3*s = -0*s + 15. Suppose 12 = f + 2*f. Let w(b) = 5*b + 5. Let c be w(f). Calculate the greatest common factor of c and s.
5
Let x = 25 + -12. What is the highest common divisor of x and 143?
13
Let f = -15 + 9. Let j be (-51)/f - (-5)/(-10). Calculate the highest common factor of 4 and j.
4
Let z = 3 - 11. Let t(w) = w**2 + 7*w - 8. Let g be t(z). Let r be (-2)/(-6)*(g + 3). Calculate the greatest common divisor of 1 and r.
1
Let p = -1 - -11. Let x(r) = r**2 - 2*r - 14. Let j be x(6). What is the highest common divisor of p and j?
10
Let y = 21 - 11. What is the greatest common divisor of 70 and y?
10
Let m(h) = -h**3 - 2*h**2 + h + 6. Let z be m(-6). Let t be -2 - (-1 + -3 + -14). What is the greatest common factor of t and z?
16
Suppose -531 = -5*n + 49. What is the greatest common divisor of 29 and n?
29
Suppose 17 = 2*c + 1. Let l(i) = -i**3 - 2. Let x be l(0). Let s = x + 74. What is the highest common divisor of s and c?
8
Let b = 14 + -12. Let i be (1 + -2 + b)*11. What is the highest common divisor of i and 55?
11
Let y = -202 + 307. What is the greatest common divisor of y and 15?
15
Suppose b = n + 2*b, -5*n - 12 = b. Let a = n - -19. Calculate the highest common divisor of a and 4.
4
Suppose -2*j + 10 = 3*j. Let l be (-12)/15*(-25)/j. Suppose -3*g - b = -25, 2*b - 5*b = -4*g + 55. Calculate the highest common divisor of l and g.
10
Let w(i) = -4*i - 33. Let r be w(-12). What is the highest common divisor of r and 120?
15
Let w(j) = -j**3 - j**2 + 4*j + 3. Let f be w(-2). Let t be (1 + 3)/f*-2. Calculate the highest common divisor of 8 and t.
8
Suppose -j = 4*t - 284, -j - 4*j - 380 = -5*t. What is the highest common divisor of 24 and t?
24
Let y = -11 + 34. Calculate the highest common divisor of y and 115.
23
Let q be (-38)/4 + (-5)/10. Let y = 17 + q. Calculate the greatest common divisor of y and 7.
7
Let l = 56 - -84. Suppose -l = -4*h - h. What is the highest common factor of h and 42?
14
Let p(c) = 6*c**3 + 2*c - 1. Let x be p(1). Suppose 4*y = x*y - 18. Suppose 3*s - 36 = s. Calculate the greatest common divisor of y and s.
6
Suppose 2*c - 1 = -d, c - 3*c - 1 = 3*d. Let r be 88/(-6) - d/(-3). Let i be (-6)/r - (-414)/15. Calculate the greatest common divisor of 42 and i.
14
Let s = -4 + 30. Suppose -45 - 7 = -4*n. Calculate the highest common factor of s and n.
13
Let k(i) = 9*i - 37. Let h be k(13). What is the greatest common divisor of h and 30?
10
Let n be (-7)/(0 - 5/10). What is the highest common divisor of n and 56?
14
Let j be 12 - ((-16)/(-20) - (-2)/10). What is the highest common divisor of j and 77?
11
Suppose -45 = -7*m + 2*m. What is the highest common factor of m and 63?
9
Let s(p) = -15*p - 12. Let x be s(-12). What is the greatest common factor of 42 and x?
42
Let g = 125 + 19. Calculate the highest common factor of 9 and g.
9
Suppose 35*a + 88 = 36*a. Calculate the highest common divisor of 8 and a.
8
Suppose 2*s - 150 - 74 = 0. Let y be 39/5 - (-2)/10. Suppose 2*b - y = 3*k - 4*k, -4 = b. What is the greatest common divisor of s and k?
16
Let n be -1 + -3*(0 + 1). Let l = -22 - n. Let g = l + 36. Calculate the greatest common divisor of 6 and g.
6
Suppose 2*j - 4*t + 8 = 0, 0 = -0*j - j - t + 5. Suppose -p + 3 = j*p. What is the greatest common divisor of 2 and p?
1
Suppose -4*u + 256 = -0*u. Calculate the greatest common divisor of 8 and u.
8
Suppose 3*j = 2*n - 84, -4*j = 5*n - 198 + 34. What is the greatest common factor of n and 4?
4
Suppose -406 = 2*k - 0*k. Let h = k + 383. What is the greatest common divisor of h and 20?
20
Let v be (509 + -3)*2/4. Let b be (-2)/6 + (-210)/(-9). Calculate the highest common factor of v and b.
23
Suppose -8*i + 110 = -3*i. Let a be (i/(-3))/2*-3. Calculate the greatest common factor of 77 and a.
11
Suppose 0 = y - 5*j - 18, -4*j + 0*j - 87 = -3*y. Let q = 6 - 3. What is the greatest common factor of q and y?
3
Let z(h) = 6*h + 3. Let o(l) = -17*l - 8. Let u(d) = -3*o(d) - 8*z(d). Let n be u(1). What is the highest common divisor of 6 and n?
3
Let t(p) be the first derivative of -p**3/3 + 7*p**2/2 + 12*p - 7. Let s be t(8). Calculate the highest common divisor of 32 and s.
4
Suppose -17 + 9 = -2*x. What is the highest common divisor of x and 28?
4
Suppose 0 = -0*n - 3*n + 3. Let y be (-7)/(-5) - 8/20. What is the greatest common divisor of y and n?
1
Let w(d) = -31*d - 5. Let x be w(-4). What is the highest common divisor of x and 17?
17
Let l be -5*3/((-15)/14). Calculate the greatest common divisor of l and 42.
14
Suppose 0 = -5*g + 2*q + 393, q + 373 = 5*g + 4*q. Let t = g + -12. What is the greatest common divisor 